0. Suppose 20 + 6 = -4*n + k*z, -5*n - 22 = -z. What is the units digit of ((-16)/(-5))/n*-30?
4
Let u be (-11)/(-2) - 25/(-10). Let k = 83 - u. What is the tens digit of k?
7
Let k(b) = b**2 + 1. Let q be k(1). Suppose q*w - 114 = 2*n, 0 = 4*w + 3*n - 0*n - 242. What is the tens digit of w?
5
Suppose 3*h = 11 + 1. Suppose -2*n + h = -0. Suppose n*m - 50 = 6. What is the units digit of m?
8
Let c(l) be the third derivative of -l**5/40 + l**4/12 - l**3/2 + 3*l**2. Let d(a) be the first derivative of c(a). What is the units digit of d(-5)?
7
Let p be 4/(-6) - 1/(-6)*-512. Let g = -61 - p. What is the units digit of g?
5
Suppose 2*x - 797 = -5*a + 6*a, -x + 401 = -a. What is the hundreds digit of x?
3
Suppose -n - 40 = -3*l, 0 = 3*l - 0 + 3. Let h = n + 97. What is the tens digit of h?
5
Suppose 0 = -k + 141 + 44. Let w = k + -30. What is the units digit of w?
5
Suppose -2*k + 5581 = 5*c, -19*c = -k - 18*c + 2801. What is the tens digit of k?
9
Suppose 2183 = 3*l + 18*g - 22*g, -2*l = -5*g - 1460. What is the tens digit of l?
2
Let y be 4 + 914 + (-3)/1. Suppose 2*g + y = 7*g. What is the hundreds digit of g?
1
Let u = -188 + 963. What is the units digit of u?
5
Suppose 0 = -3*c + 696 - 195. Suppose 4*p + 3*b = 208, 0*p + 5*b = -3*p + c. What is the units digit of p?
9
What is the tens digit of ((-65)/(-5) + -12)/(1/308)?
0
What is the tens digit of (-7 - 175/(-21))*198?
6
What is the tens digit of (-10)/15 + -7870*4/(-24)?
1
Let o(m) = 58 + 2*m**2 - 9*m**3 - 57 + m + m. Let x be o(-2). Suppose 4*k + 4*r = 120, -3*k - r + x + 23 = 0. What is the tens digit of k?
3
Suppose -l = -5*l + 28. Let o(g) = 36*g - 13. Let p be o(l). Suppose -3*h - 35 = -p. What is the units digit of h?
8
Suppose 5*h = 2*v - 7*v + 45, 16 = 4*h. Suppose 716 = v*x - 4*u, 2*x + x - 416 = -u. What is the units digit of x?
0
Suppose -5*x = -2*x - 9. Suppose 0 = -l - 4*l + 300. Suppose 7*g - 2*g - 104 = -3*m, x*m - l = -3*g. What is the tens digit of g?
2
Let a be -1 + -1 + 3 + 6. Let u(i) = 8*i**2 + 3*i - 1. Let z(q) = -15*q**2 - 4*q + 3. Let h(j) = -11*u(j) - 6*z(j). What is the units digit of h(a)?
8
Suppose 4*o - 210 = 2*o. Suppose -o = -5*t + 240. Suppose 4*m - 5*m = -t. What is the tens digit of m?
6
Let b(g) = -g**2 - 7*g + 10. Let s be b(-7). Let a be 3 + -1 + -2 - s. Let y = -9 - a. What is the units digit of y?
1
Suppose -2*c + 3*y = -0*y - 1065, 3*c = y + 1594. What is the tens digit of c?
3
Let m = 28 - 17. Let g(s) = 6*s - 4. What is the tens digit of g(m)?
6
Suppose -6 = -2*c, 4*b - c = 4*c + 37. Let z = 6 + b. Suppose -z + 63 = k. What is the units digit of k?
4
Let n(u) = 2*u + 2. Let y be n(-1). Let z = -7 + y. What is the units digit of (-2124)/(-42) - 3/z?
1
Let v = -902 + 1420. What is the tens digit of v?
1
Let c = -117 + 591. What is the tens digit of c?
7
Let g(j) be the first derivative of -j**2/2 - 4*j - 4. Let k be g(-8). Suppose 69 = 3*h + k*a - 0*a, a = 5*h - 115. What is the tens digit of h?
2
Suppose 75*h + 471 = 76*h. What is the tens digit of h?
7
Suppose 0 = -26*k + 14941 + 15453. What is the thousands digit of k?
1
Let o be 371/14 - (-2)/(-4). Let u = 132 - o. What is the tens digit of u?
0
Let s(m) = 2*m**3 - 14*m**2 - 16. Let i be s(7). Let v(r) = r**2 + 7*r + 37. What is the units digit of v(i)?
1
Suppose 4*q + 10 = 9*q. Suppose -b = 2*k + 1 - 3, -q*k = -5*b - 38. What is the units digit of (204/(-18))/(2/b)?
4
Let m be (-2 - 2/(-1))/(-2). Suppose m = -2*b - 3 + 5. Suppose 1 = h - b, 2*y + 4*h = 74. What is the units digit of y?
3
Let d(c) = c**2 + c + 3. Let h be d(0). Let q(a) = 4*a + 4. Let k be q(h). Suppose 0 = 5*o + 1 - k. What is the units digit of o?
3
Let a(j) = 7*j**3 - 4*j**2 + 11*j - 51. What is the units digit of a(4)?
7
Let f = -300 - -386. What is the units digit of f?
6
Let j(u) = 1406*u**2 - 21*u - 21. What is the thousands digit of j(-1)?
1
Let s(x) = -2*x**3 - 10*x**2 + 2*x - 146. What is the tens digit of s(-11)?
8
Let n = 6 - -1. Let h(q) = 58*q - 106*q - 13 + 56*q. What is the tens digit of h(n)?
4
Suppose 7048 = -15*x + 21943. What is the units digit of x?
3
Let a be (5 + -8)/(6/(-4)). Let y(d) = -10 - 5*d**3 + 460*d**a - 459*d**2 + 3*d**3 + d. What is the tens digit of y(-3)?
5
Let s(p) = 3*p + p**3 - p - 6*p**2 + 1 + 2*p + 11*p. What is the tens digit of s(7)?
5
Let j = 8 - 17. Let z = j - -8. What is the tens digit of 22/2*(0 - z)?
1
Let d(f) = -f**3 + 11*f**2 + 28*f - 25. What is the units digit of d(6)?
3
Let n(s) = 101*s - 35. What is the hundreds digit of n(8)?
7
Suppose 2*o - 52 = 3*f - 679, -5*f + 1041 = -2*o. Let r = f + -46. What is the units digit of r?
1
Suppose x = -3*x + 16. Let a = x + -2. Suppose -a*t + 4*m + 15 = -19, t - 5*m - 29 = 0. What is the units digit of t?
9
What is the tens digit of ((-6)/7)/(30/(-7455))?
1
Let n be (7/((-14)/8))/1. Let b(a) = -a**3 + 2*a**2 + 2*a + 1. Let g be b(3). What is the units digit of (n - g)/((-1)/4)?
8
Let y = 4477 - 2521. What is the thousands digit of y?
1
Let a be ((-2)/(-4))/(5/30). Suppose 2*y - a*g - 271 = 0, g = -5 - 0. What is the tens digit of y?
2
Suppose 0 = -3*i + 3*v + 12657, 9*v = i + 6*v - 4213. What is the units digit of i?
2
Let n(q) = -q**3 + 22*q**2 - 38*q - 37. Let h be n(20). Suppose 4*d = 4*v + 1036, -4*v = d + h*d - 1044. What is the hundreds digit of d?
2
Suppose 0 = d - 6*d - 90. Let w = d + 10. What is the tens digit of (-1 + 3/(-2))*w?
2
Suppose -3*a - 3 = -48. What is the tens digit of 280/25 - (-12)/a?
1
Suppose 5*b + 5*u = 75, 0*u = 2*u. Let y(h) = h**2 + 3*h - 10. Let p be y(-5). Suppose n - 2*n + b = p. What is the units digit of n?
5
Let b(x) = x**2 + 6*x - 14. Let v be b(-8). Let d(w) = 11 + 5*w + 2*w**v + 3*w + 8*w**2 - 2*w - w**3. What is the units digit of d(10)?
1
Let b(h) = 13*h - 16. Let z be b(6). Suppose 4*w + 4*v - 138 - z = 0, 0 = -w - 3*v + 40. What is the tens digit of w?
5
Suppose -2*u - 3*u - 2*n - 389 = 0, -u + 3*n - 88 = 0. Let q = 5 - u. What is the units digit of q?
4
Suppose 4*m - 4008 = 4*u, -4*u - 173 - 1825 = -2*m. What is the units digit of m?
5
Suppose 3*u - 30 = 6*u. What is the units digit of 5/u + (-13)/(-2)?
6
Suppose 13*q + 4*a = 10*q + 982, 4*q + 4*a - 1308 = 0. What is the units digit of q?
6
Suppose 10*u + 3*a = 8*u + 511, 5*a - 1285 = -5*u. What is the hundreds digit of u?
2
Suppose 55 = 9*f + 10. Suppose s = -f*d - 2*s + 882, 2*s - 704 = -4*d. What is the units digit of d?
4
Let r = 133 - -98. What is the hundreds digit of r?
2
Let i(m) = 9*m**2 - 16*m + 21. What is the units digit of i(-5)?
6
Let k = -19 + 25. Suppose k*u - 504 = -u. What is the units digit of u?
2
Suppose 2*n = 87 + 101. Let x be n/((1 - -3)/2). Let i = -25 + x. What is the tens digit of i?
2
Let w = 34 + -24. Suppose o = -o + w. Suppose -3*d + 21 = -5*u, -o*d - 2*u + 4 = -0. What is the units digit of d?
2
Let p(u) = 5*u + 8. Let f be p(-3). Let n be (-1)/((7/(-87))/f). Let v = 126 + n. What is the units digit of v?
9
Let p(f) = 6*f**2 - 7*f - 18. Suppose -4*a = 2*n + 26, 0*a + 2*a + 16 = -2*n. What is the units digit of p(n)?
7
Suppose -z + 0 + 4 = 0. Let v = -160 - -268. Suppose -2*n + z*i - 6*i + v = 0, -4*i - 78 = -2*n. What is the units digit of n?
9
Suppose -y - 3*p + 151 = -413, -p + 2245 = 4*y. Suppose y = 4*j - j. What is the hundreds digit of j?
1
Let j be -7 - 5/(10/6). Let y be ((-12)/(-5))/(-6)*j. Suppose 0*m - 180 = -y*m. What is the tens digit of m?
4
Let s(t) = -7*t + 19. Let k(b) = 6*b - 20. Let j(c) = 3*k(c) + 2*s(c). What is the units digit of j(7)?
6
Let m(b) = -2*b + 19. Suppose -3*p + 2*f = 44, -2*p = f + 3*f + 8. What is the tens digit of m(p)?
4
Suppose 5*v - 25 = -10, -2*y - 5*v = -4539. What is the thousands digit of y?
2
Let d = 229 - -91. Suppose 1046*i - 1049*i + 15 = 0. Suppose -d = -i*c - 120. What is the units digit of c?
0
Suppose -19*x = -10*x + 4770. What is the units digit of x/30*1*-3?
3
Let t(j) = -j**3 + 15*j**2 + 29*j - 1. What is the hundreds digit of t(13)?
7
Let u(m) = -m**3 + 14*m**2 - 12*m - 2. Let s be u(13). Let c(h) = 18*h. Let r(q) = 55*q. Let w(d) = s*c(d) - 4*r(d). What is the units digit of w(-1)?
2
Suppose 0 = 7*y + 5*y. Suppose y = 5*r - 4*x + x - 291, -4*r + 234 = -3*x. What is the tens digit of r?
5
Suppose -9*t - 59 = 22. Let d(p) = -2 + p**2 + 0 - 3 + 7*p. What is th